{"id":3365,"date":"2023-11-16T14:24:12","date_gmt":"2023-11-16T20:24:12","guid":{"rendered":"https:\/\/www.topbikes.ca\/nicaragua\/?post_type=product&#038;p=3365"},"modified":"2023-11-16T14:25:29","modified_gmt":"2023-11-16T20:25:29","slug":"ciclo-computadora-inalambrica-sigma-pure-1-ats","status":"publish","type":"product","link":"https:\/\/www.topbikes.ca\/nicaragua\/producto\/ciclo-computadora-inalambrica-sigma-pure-1-ats\/","title":{"rendered":"CICLO COMPUTADORA INALAMBRICA SIGMA Pure 1 ATS"},"content":{"rendered":"<p>SIGMA PURE 1 es el purista con estilo entre los ciclocomputadores de SIGMA. Indica las funciones b\u00e1sicas de velocidad, distancia y tiempo de recorrido. Es muy f\u00e1cil de manejar y extremadamente claro. Su dise\u00f1o simple y compacto son muy convincentes.<\/p>\n","protected":false},"excerpt":{"rendered":"<p>SIGMA PURE 1 es el purista con estilo entre los ciclocomputadores de SIGMA. Indica las funciones b\u00e1sicas de velocidad, distancia y tiempo de recorrido. Es muy f\u00e1cil de manejar y extremadamente claro. Su dise\u00f1o simple y compacto son muy convincentes.<\/p>\n","protected":false},"featured_media":3409,"template":"","meta":[],"pwb-brand":[83,63],"product_cat":[35,205],"product_tag":[],"brands":[{"id":83,"name":"Accesorios","slug":"accesorios"},{"id":63,"name":"Sigma","slug":"sigma"}],"_links":{"self":[{"href":"https:\/\/www.topbikes.ca\/nicaragua\/wp-json\/wp\/v2\/product\/3365"}],"collection":[{"href":"https:\/\/www.topbikes.ca\/nicaragua\/wp-json\/wp\/v2\/product"}],"about":[{"href":"https:\/\/www.topbikes.ca\/nicaragua\/wp-json\/wp\/v2\/types\/product"}],"wp:featuredmedia":[{"embeddable":true,"href":"https:\/\/www.topbikes.ca\/nicaragua\/wp-json\/wp\/v2\/media\/3409"}],"wp:attachment":[{"href":"https:\/\/www.topbikes.ca\/nicaragua\/wp-json\/wp\/v2\/media?parent=3365"}],"wp:term":[{"taxonomy":"pwb-brand","embeddable":true,"href":"https:\/\/www.topbikes.ca\/nicaragua\/wp-json\/wp\/v2\/pwb-brand?post=3365"},{"taxonomy":"product_cat","embeddable":true,"href":"https:\/\/www.topbikes.ca\/nicaragua\/wp-json\/wp\/v2\/product_cat?post=3365"},{"taxonomy":"product_tag","embeddable":true,"href":"https:\/\/www.topbikes.ca\/nicaragua\/wp-json\/wp\/v2\/product_tag?post=3365"}],"curies":[{"name":"wp","href":"https:\/\/api.w.org\/{rel}","templated":true}]}}