{"id":3399,"date":"2023-11-16T14:25:12","date_gmt":"2023-11-16T20:25:12","guid":{"rendered":"https:\/\/www.topbikes.ca\/nicaragua\/?post_type=product&#038;p=3399"},"modified":"2023-11-16T14:26:24","modified_gmt":"2023-11-16T20:26:24","slug":"cassette-cs-hg500-10","status":"publish","type":"product","link":"https:\/\/www.topbikes.ca\/nicaragua\/producto\/cassette-cs-hg500-10\/","title":{"rendered":"Cassette CS-HG500-10"},"content":{"rendered":"<p>SHIMANO &#8211; 10 velocidades &#8211; HYPERGLIDE &#8211; Cassette de pi\u00f1ones de carretera<\/p>\n<p>El HG500-10 est\u00e1 disponible con una amplia gama de opciones de cambio. Con su ligero soporte de pi\u00f1ones, proporciona unos intervalos de marcha suaves a los largo de sus 10 velocidades.<\/p>\n","protected":false},"excerpt":{"rendered":"<p>SHIMANO &#8211; 10 velocidades &#8211; HYPERGLIDE &#8211; Cassette de pi\u00f1ones de carretera El HG500-10 est\u00e1 disponible con una amplia gama de opciones de cambio. Con su ligero soporte de pi\u00f1ones, proporciona unos intervalos de marcha suaves a los largo de sus 10 velocidades.<\/p>\n","protected":false},"featured_media":3442,"template":"","meta":[],"pwb-brand":[98,62],"product_cat":[97,210],"product_tag":[],"brands":[{"id":98,"name":"Componentes","slug":"componentes"},{"id":62,"name":"Shimano","slug":"shimano"}],"_links":{"self":[{"href":"https:\/\/www.topbikes.ca\/nicaragua\/wp-json\/wp\/v2\/product\/3399"}],"collection":[{"href":"https:\/\/www.topbikes.ca\/nicaragua\/wp-json\/wp\/v2\/product"}],"about":[{"href":"https:\/\/www.topbikes.ca\/nicaragua\/wp-json\/wp\/v2\/types\/product"}],"wp:featuredmedia":[{"embeddable":true,"href":"https:\/\/www.topbikes.ca\/nicaragua\/wp-json\/wp\/v2\/media\/3442"}],"wp:attachment":[{"href":"https:\/\/www.topbikes.ca\/nicaragua\/wp-json\/wp\/v2\/media?parent=3399"}],"wp:term":[{"taxonomy":"pwb-brand","embeddable":true,"href":"https:\/\/www.topbikes.ca\/nicaragua\/wp-json\/wp\/v2\/pwb-brand?post=3399"},{"taxonomy":"product_cat","embeddable":true,"href":"https:\/\/www.topbikes.ca\/nicaragua\/wp-json\/wp\/v2\/product_cat?post=3399"},{"taxonomy":"product_tag","embeddable":true,"href":"https:\/\/www.topbikes.ca\/nicaragua\/wp-json\/wp\/v2\/product_tag?post=3399"}],"curies":[{"name":"wp","href":"https:\/\/api.w.org\/{rel}","templated":true}]}}