{"id":3416,"date":"2023-11-16T14:25:36","date_gmt":"2023-11-16T20:25:36","guid":{"rendered":"https:\/\/www.topbikes.ca\/nicaragua\/?post_type=product&#038;p=3416"},"modified":"2023-11-16T14:26:35","modified_gmt":"2023-11-16T20:26:35","slug":"llantas-jack-rabbit-c1747","status":"publish","type":"product","link":"https:\/\/www.topbikes.ca\/nicaragua\/producto\/llantas-jack-rabbit-c1747\/","title":{"rendered":"Llantas JACK RABBIT C1747"},"content":{"rendered":"<p>CST Jack Rabbit tiene un dise\u00f1o de banda de rodadura de rodadura r\u00e1pida con peque\u00f1as perillas en rampa. Para las secciones t\u00e9cnicas, nuestra protecci\u00f3n contra pinchazos EPS (Exceptional Puncture Safety) le dar\u00e1 la confianza para concentrarse en l\u00edneas dif\u00edciles. Adem\u00e1s, el Jack Rabbit est\u00e1 disponible en una versi\u00f3n de tipo tubo para ciclistas que no usan ruedas certificadas por UST. Disponible en tama\u00f1o #26 y 29 er.<\/p>\n","protected":false},"excerpt":{"rendered":"<p>CST Jack Rabbit tiene un dise\u00f1o de banda de rodadura de rodadura r\u00e1pida con peque\u00f1as perillas en rampa. Para las secciones t\u00e9cnicas, nuestra protecci\u00f3n contra pinchazos EPS (Exceptional Puncture Safety) le dar\u00e1 la confianza para concentrarse en l\u00edneas dif\u00edciles. Adem\u00e1s, el Jack Rabbit est\u00e1 disponible en una versi\u00f3n de tipo tubo para ciclistas que no [&hellip;]<\/p>\n","protected":false},"featured_media":3462,"template":"","meta":[],"pwb-brand":[98,54],"product_cat":[97,211],"product_tag":[],"brands":[{"id":98,"name":"Componentes","slug":"componentes"},{"id":54,"name":"CST","slug":"cst"}],"_links":{"self":[{"href":"https:\/\/www.topbikes.ca\/nicaragua\/wp-json\/wp\/v2\/product\/3416"}],"collection":[{"href":"https:\/\/www.topbikes.ca\/nicaragua\/wp-json\/wp\/v2\/product"}],"about":[{"href":"https:\/\/www.topbikes.ca\/nicaragua\/wp-json\/wp\/v2\/types\/product"}],"wp:featuredmedia":[{"embeddable":true,"href":"https:\/\/www.topbikes.ca\/nicaragua\/wp-json\/wp\/v2\/media\/3462"}],"wp:attachment":[{"href":"https:\/\/www.topbikes.ca\/nicaragua\/wp-json\/wp\/v2\/media?parent=3416"}],"wp:term":[{"taxonomy":"pwb-brand","embeddable":true,"href":"https:\/\/www.topbikes.ca\/nicaragua\/wp-json\/wp\/v2\/pwb-brand?post=3416"},{"taxonomy":"product_cat","embeddable":true,"href":"https:\/\/www.topbikes.ca\/nicaragua\/wp-json\/wp\/v2\/product_cat?post=3416"},{"taxonomy":"product_tag","embeddable":true,"href":"https:\/\/www.topbikes.ca\/nicaragua\/wp-json\/wp\/v2\/product_tag?post=3416"}],"curies":[{"name":"wp","href":"https:\/\/api.w.org\/{rel}","templated":true}]}}