{"id":3453,"date":"2023-11-16T14:26:30","date_gmt":"2023-11-16T20:26:30","guid":{"rendered":"https:\/\/www.topbikes.ca\/nicaragua\/?post_type=product&#038;p=3453"},"modified":"2023-11-16T14:27:05","modified_gmt":"2023-11-16T20:27:05","slug":"supershort","status":"publish","type":"product","link":"https:\/\/www.topbikes.ca\/nicaragua\/producto\/supershort\/","title":{"rendered":"Supershort"},"content":{"rendered":"<p>La bomba muy ligera, compacta y de alta calidad con funci\u00f3n telesc\u00f3pica y T-Grip mide solo 16 cm de largo. El cuerpo de aluminio desmontable se transforma a la velocidad del rayo en un T-Grip ergon\u00f3mico. Gracias a la palanca de sujeci\u00f3n, el cabezal de v\u00e1lvula reversible se puede conectar f\u00e1cilmente a todas las variaciones de v\u00e1lvula.<\/p>\n","protected":false},"excerpt":{"rendered":"<p>La bomba muy ligera, compacta y de alta calidad con funci\u00f3n telesc\u00f3pica y T-Grip mide solo 16 cm de largo. El cuerpo de aluminio desmontable se transforma a la velocidad del rayo en un T-Grip ergon\u00f3mico. Gracias a la palanca de sujeci\u00f3n, el cabezal de v\u00e1lvula reversible se puede conectar f\u00e1cilmente a todas las variaciones [&hellip;]<\/p>\n","protected":false},"featured_media":3499,"template":"","meta":[],"pwb-brand":[83,64],"product_cat":[35,214],"product_tag":[],"brands":[{"id":83,"name":"Accesorios","slug":"accesorios"},{"id":64,"name":"SKS","slug":"sks"}],"_links":{"self":[{"href":"https:\/\/www.topbikes.ca\/nicaragua\/wp-json\/wp\/v2\/product\/3453"}],"collection":[{"href":"https:\/\/www.topbikes.ca\/nicaragua\/wp-json\/wp\/v2\/product"}],"about":[{"href":"https:\/\/www.topbikes.ca\/nicaragua\/wp-json\/wp\/v2\/types\/product"}],"wp:featuredmedia":[{"embeddable":true,"href":"https:\/\/www.topbikes.ca\/nicaragua\/wp-json\/wp\/v2\/media\/3499"}],"wp:attachment":[{"href":"https:\/\/www.topbikes.ca\/nicaragua\/wp-json\/wp\/v2\/media?parent=3453"}],"wp:term":[{"taxonomy":"pwb-brand","embeddable":true,"href":"https:\/\/www.topbikes.ca\/nicaragua\/wp-json\/wp\/v2\/pwb-brand?post=3453"},{"taxonomy":"product_cat","embeddable":true,"href":"https:\/\/www.topbikes.ca\/nicaragua\/wp-json\/wp\/v2\/product_cat?post=3453"},{"taxonomy":"product_tag","embeddable":true,"href":"https:\/\/www.topbikes.ca\/nicaragua\/wp-json\/wp\/v2\/product_tag?post=3453"}],"curies":[{"name":"wp","href":"https:\/\/api.w.org\/{rel}","templated":true}]}}