{"id":3455,"date":"2023-11-16T14:26:31","date_gmt":"2023-11-16T20:26:31","guid":{"rendered":"https:\/\/www.topbikes.ca\/nicaragua\/?post_type=product&#038;p=3455"},"modified":"2023-11-16T14:27:06","modified_gmt":"2023-11-16T20:27:06","slug":"twinjex-alu","status":"publish","type":"product","link":"https:\/\/www.topbikes.ca\/nicaragua\/producto\/twinjex-alu\/","title":{"rendered":"Twinjex Alu"},"content":{"rendered":"<p>Bomba mtb compacta de nivel superior con cabezal de v\u00e1lvula m\u00faltiple para todas las v\u00e1lvulas. El volumen m\u00e1ximo por brazada convierte a la Injex en la elecci\u00f3n adecuada para los ciclistas de monta\u00f1a. Las inserciones de goma garantizan comodidad y agarre.Las bombas telesc\u00f3picas permiten una salida m\u00e1xima de 140 PSI debido al modo de alta presi\u00f3n (bloqueo del tubo exterior). Las bombas telesc\u00f3picas permiten una salida m\u00e1xima de 140 PSI debido al modo de alta presi\u00f3n (bloqueo del tubo exterior).<\/p>\n","protected":false},"excerpt":{"rendered":"<p>Bomba mtb compacta de nivel superior con cabezal de v\u00e1lvula m\u00faltiple para todas las v\u00e1lvulas. El volumen m\u00e1ximo por brazada convierte a la Injex en la elecci\u00f3n adecuada para los ciclistas de monta\u00f1a. Las inserciones de goma garantizan comodidad y agarre.Las bombas telesc\u00f3picas permiten una salida m\u00e1xima de 140 PSI debido al modo de alta [&hellip;]<\/p>\n","protected":false},"featured_media":3501,"template":"","meta":[],"pwb-brand":[83,64],"product_cat":[35,214],"product_tag":[],"brands":[{"id":83,"name":"Accesorios","slug":"accesorios"},{"id":64,"name":"SKS","slug":"sks"}],"_links":{"self":[{"href":"https:\/\/www.topbikes.ca\/nicaragua\/wp-json\/wp\/v2\/product\/3455"}],"collection":[{"href":"https:\/\/www.topbikes.ca\/nicaragua\/wp-json\/wp\/v2\/product"}],"about":[{"href":"https:\/\/www.topbikes.ca\/nicaragua\/wp-json\/wp\/v2\/types\/product"}],"wp:featuredmedia":[{"embeddable":true,"href":"https:\/\/www.topbikes.ca\/nicaragua\/wp-json\/wp\/v2\/media\/3501"}],"wp:attachment":[{"href":"https:\/\/www.topbikes.ca\/nicaragua\/wp-json\/wp\/v2\/media?parent=3455"}],"wp:term":[{"taxonomy":"pwb-brand","embeddable":true,"href":"https:\/\/www.topbikes.ca\/nicaragua\/wp-json\/wp\/v2\/pwb-brand?post=3455"},{"taxonomy":"product_cat","embeddable":true,"href":"https:\/\/www.topbikes.ca\/nicaragua\/wp-json\/wp\/v2\/product_cat?post=3455"},{"taxonomy":"product_tag","embeddable":true,"href":"https:\/\/www.topbikes.ca\/nicaragua\/wp-json\/wp\/v2\/product_tag?post=3455"}],"curies":[{"name":"wp","href":"https:\/\/api.w.org\/{rel}","templated":true}]}}