{"id":3618,"date":"2023-11-16T14:28:34","date_gmt":"2023-11-16T20:28:34","guid":{"rendered":"https:\/\/www.topbikes.ca\/nicaragua\/?post_type=product&#038;p=3618"},"modified":"2023-11-30T00:00:44","modified_gmt":"2023-11-30T06:00:44","slug":"gt-sensor-aluminio-29-comp-md","status":"publish","type":"product","link":"https:\/\/www.topbikes.ca\/nicaragua\/producto\/gt-sensor-aluminio-29-comp-md\/","title":{"rendered":"GT SENSOR ALUMINIO 29 COMP  \u00abMD\u00bb"},"content":{"rendered":"<p>La Sensor Comp es una cazadora de senderos moderna, dise\u00f1ada para ir r\u00e1pido, soltarse y divertirse. Con suspensi\u00f3n RockShox y transmisi\u00f3n SRAM Eagle, la Sensor Comp te acompa\u00f1ar\u00e1 gustosamente arriba y abajo en cualquier aventura. Ideal para Bike Parks<\/p>\n<p><strong>ESPECIFICACIONES:<\/strong><\/p>\n<table id=\"product-attribute-specs-table\" class=\"data-table\" style=\"height: 3096px\" width=\"533\">\n<colgroup>\n<col width=\"25%\" \/>\n<col \/><\/colgroup>\n<tbody>\n<tr class=\"first odd\">\n<th class=\"label\">\n<h6><strong>SIZES<\/strong><\/h6>\n<\/th>\n<td class=\"data last\">\n<h6><strong>MD<\/strong><\/h6>\n<\/td>\n<\/tr>\n<tr class=\"even\">\n<th class=\"label\"><\/th>\n<td class=\"data last\"><\/td>\n<\/tr>\n<tr class=\"odd\">\n<th class=\"label\">\n<h6><strong>FRAME<\/strong><\/h6>\n<\/th>\n<td class=\"data last\">\n<h6><strong>Sensor Alloy 29&#8243; Frame, 130mm Travel, BSA 73mm, LockR Pivots, Tapered Head Tube, Boost 12&#215;148 Thru-Axle, 185x50mm Trunnion Shock Mount, ISCG05<\/strong><\/h6>\n<\/td>\n<\/tr>\n<tr class=\"even\">\n<th class=\"label\">\n<h6><strong>FORK<\/strong><\/h6>\n<\/th>\n<td class=\"data last\">\n<h6><strong>RockShox 35 Gold RL, 140mm, 15x110mm, Tapered Steerer, 42mm OffSet<\/strong><\/h6>\n<\/td>\n<\/tr>\n<tr class=\"odd\">\n<th class=\"label\">\n<h6><strong>REAR SHOCK<\/strong><\/h6>\n<\/th>\n<td class=\"data last\">\n<h6><strong>RockShox Deluxe Select+ RT, 185x50mm Trunnion, Debonair<\/strong><\/h6>\n<\/td>\n<\/tr>\n<tr class=\"even\">\n<th class=\"label\">\n<h6><strong>CHAIN<\/strong><\/h6>\n<\/th>\n<td class=\"data last\">\n<h6><strong>SRAM SX Eagle, 12-speed<\/strong><\/h6>\n<\/td>\n<\/tr>\n<tr class=\"odd\">\n<th class=\"label\">\n<h6><strong>CRANK<\/strong><\/h6>\n<\/th>\n<td class=\"data last\">\n<h6><strong>SRAM SX Eagle Power Spline, 32t<\/strong><\/h6>\n<\/td>\n<\/tr>\n<tr class=\"even\">\n<th class=\"label\">\n<h6><strong>BOTTOM BRACKET<\/strong><\/h6>\n<\/th>\n<td class=\"data last\">\n<h6><strong>Truvativ Power Spline<\/strong><\/h6>\n<\/td>\n<\/tr>\n<tr class=\"odd\">\n<th class=\"label\">\n<h6><strong>PEDALS<\/strong><\/h6>\n<\/th>\n<td class=\"data last\">\n<h6><strong>Not included<\/strong><\/h6>\n<\/td>\n<\/tr>\n<tr class=\"even\">\n<th class=\"label\">\n<h6><strong>REAR DERAILLEUR<\/strong><\/h6>\n<\/th>\n<td class=\"data last\">\n<h6><strong>SRAM SX Eagle<\/strong><\/h6>\n<\/td>\n<\/tr>\n<tr class=\"odd\">\n<th class=\"label\">\n<h6><strong>SHIFTERS<\/strong><\/h6>\n<\/th>\n<td class=\"data last\">\n<h6><strong>SRAM SX Eagle, 12-speed<\/strong><\/h6>\n<\/td>\n<\/tr>\n<tr class=\"even\">\n<th class=\"label\">\n<h6><strong>COG SET<\/strong><\/h6>\n<\/th>\n<td class=\"data last\">\n<h6><strong>SRAM PG-1210, 11-50T<\/strong><\/h6>\n<\/td>\n<\/tr>\n<tr class=\"odd\">\n<th class=\"label\">\n<h6><strong>RIMS<\/strong><\/h6>\n<\/th>\n<td class=\"data last\">\n<h6><strong>WTB ST i29 TCS 2.0, 32h, Tubeless Ready<\/strong><\/h6>\n<\/td>\n<\/tr>\n<tr class=\"even\">\n<th class=\"label\">\n<h6><strong>TIRES<\/strong><\/h6>\n<\/th>\n<td class=\"data last\">\n<h6><strong>Maxxis Minion DHF, 29 x 2.5&#8243;, EXOMaxxis Dissector, 29 x 2.4&#8243;, EXO<\/strong><\/h6>\n<\/td>\n<\/tr>\n<tr class=\"odd\">\n<th class=\"label\">\n<h6><strong>FRONT HUB<\/strong><\/h6>\n<\/th>\n<td class=\"data last\">\n<h6><strong>Formula 15x110mm<\/strong><\/h6>\n<\/td>\n<\/tr>\n<tr class=\"even\">\n<th class=\"label\">\n<h6><strong>REAR HUB<\/strong><\/h6>\n<\/th>\n<td class=\"data last\">\n<h6><strong>Formula 12x148mm, HG Freehub Body<\/strong><\/h6>\n<\/td>\n<\/tr>\n<tr class=\"odd\">\n<th class=\"label\">\n<h6><strong>SPOKES<\/strong><\/h6>\n<\/th>\n<td class=\"data last\">\n<h6><strong>Stainless Steel, 14g<\/strong><\/h6>\n<\/td>\n<\/tr>\n<tr class=\"even\">\n<th class=\"label\">\n<h6><strong>BRAKES<\/strong><\/h6>\n<\/th>\n<td class=\"data last\">\n<h6><strong>Tektro M745 Hydro Disc, 180mm Rotors<\/strong><\/h6>\n<\/td>\n<\/tr>\n<tr class=\"odd\">\n<th class=\"label\">\n<h6><strong>FRONT BRAKE<\/strong><\/h6>\n<\/th>\n<td class=\"data last\">\n<h6><strong>Tektro M745 Hydro Disc, 180mm Rotors<\/strong><\/h6>\n<\/td>\n<\/tr>\n<tr class=\"even\">\n<th class=\"label\">\n<h6><strong>REAR BRAKE<\/strong><\/h6>\n<\/th>\n<td class=\"data last\">\n<h6><strong>Tektro M745 Hydro Disc, 180mm Rotors<\/strong><\/h6>\n<\/td>\n<\/tr>\n<tr class=\"odd\">\n<th class=\"label\">\n<h6><strong>HANDLEBAR<\/strong><\/h6>\n<\/th>\n<td class=\"data last\">\n<h6><strong>GT Alloy Riser Bar, 30mm Rise, 780mm Wide, 5\u00b0 Rise, 8\u00b0 Back<\/strong><\/h6>\n<\/td>\n<\/tr>\n<tr class=\"even\">\n<th class=\"label\">\n<h6><strong>STEM<\/strong><\/h6>\n<\/th>\n<td class=\"data last\">\n<h6><strong>GT Alloy Stem, 31.8mm Clamp, 45mm Length<\/strong><\/h6>\n<\/td>\n<\/tr>\n<tr class=\"odd\">\n<th class=\"label\">\n<h6><strong>GRIPS<\/strong><\/h6>\n<\/th>\n<td class=\"data last\">\n<h6><strong>Fabric Funguy<\/strong><\/h6>\n<\/td>\n<\/tr>\n<tr class=\"even\">\n<th class=\"label\">\n<h6><strong>HEADSET<\/strong><\/h6>\n<\/th>\n<td class=\"data last\">\n<h6><strong>FSA No.42<\/strong><\/h6>\n<\/td>\n<\/tr>\n<tr class=\"odd\">\n<th class=\"label\">\n<h6><strong>SADDLE<\/strong><\/h6>\n<\/th>\n<td class=\"data last\">\n<h6><strong>Fabric Scoop Shallow Sport, Steel Rails<\/strong><\/h6>\n<\/td>\n<\/tr>\n<tr class=\"last even\">\n<th class=\"label\">\n<h6><strong>SEAT POST<\/strong><\/h6>\n<\/th>\n<td class=\"data last\">\n<h6><strong>TranzX Dropper, Internal Routing, 31.6<\/strong><\/h6>\n<\/td>\n<\/tr>\n<\/tbody>\n<\/table>\n<h6><\/h6>\n","protected":false},"excerpt":{"rendered":"<p>La Sensor Comp es una cazadora de senderos moderna, dise\u00f1ada para ir r\u00e1pido, soltarse y divertirse. Con suspensi\u00f3n RockShox y transmisi\u00f3n SRAM Eagle, la Sensor Comp te acompa\u00f1ar\u00e1 gustosamente arriba y abajo en cualquier aventura. Ideal para Bike Parks ESPECIFICACIONES: SIZES MD FRAME Sensor Alloy 29&#8243; Frame, 130mm Travel, BSA 73mm, LockR Pivots, Tapered Head [&hellip;]<\/p>\n","protected":false},"featured_media":3654,"template":"","meta":[],"pwb-brand":[73,60],"product_cat":[34,218],"product_tag":[],"brands":[{"id":73,"name":"Bicicletas","slug":"bicicletas"},{"id":60,"name":"GT","slug":"gt"}],"_links":{"self":[{"href":"https:\/\/www.topbikes.ca\/nicaragua\/wp-json\/wp\/v2\/product\/3618"}],"collection":[{"href":"https:\/\/www.topbikes.ca\/nicaragua\/wp-json\/wp\/v2\/product"}],"about":[{"href":"https:\/\/www.topbikes.ca\/nicaragua\/wp-json\/wp\/v2\/types\/product"}],"wp:featuredmedia":[{"embeddable":true,"href":"https:\/\/www.topbikes.ca\/nicaragua\/wp-json\/wp\/v2\/media\/3654"}],"wp:attachment":[{"href":"https:\/\/www.topbikes.ca\/nicaragua\/wp-json\/wp\/v2\/media?parent=3618"}],"wp:term":[{"taxonomy":"pwb-brand","embeddable":true,"href":"https:\/\/www.topbikes.ca\/nicaragua\/wp-json\/wp\/v2\/pwb-brand?post=3618"},{"taxonomy":"product_cat","embeddable":true,"href":"https:\/\/www.topbikes.ca\/nicaragua\/wp-json\/wp\/v2\/product_cat?post=3618"},{"taxonomy":"product_tag","embeddable":true,"href":"https:\/\/www.topbikes.ca\/nicaragua\/wp-json\/wp\/v2\/product_tag?post=3618"}],"curies":[{"name":"wp","href":"https:\/\/api.w.org\/{rel}","templated":true}]}}