{"id":3723,"date":"2023-11-16T14:30:25","date_gmt":"2023-11-16T20:30:25","guid":{"rendered":"https:\/\/www.topbikes.ca\/nicaragua\/?post_type=product&#038;p=3723"},"modified":"2023-11-16T14:31:28","modified_gmt":"2023-11-16T20:31:28","slug":"casco-change-mod-ts88-blanco-negro-rojo","status":"publish","type":"product","link":"https:\/\/www.topbikes.ca\/nicaragua\/producto\/casco-change-mod-ts88-blanco-negro-rojo\/","title":{"rendered":"CASCO CHANGE MOD.TS88 BLANCO\/NEGRO\/ROJO"},"content":{"rendered":"<p>Los nuevos cascos Coolchange est\u00e1n dise\u00f1ados para proveer seguridad y confort, ya que est\u00e1n fabricados con materiales y tecnolog\u00edas de ultima generaci\u00f3n y a la vez sol ligeros y frescos.<\/p>\n","protected":false},"excerpt":{"rendered":"<p>Los nuevos cascos Coolchange est\u00e1n dise\u00f1ados para proveer seguridad y confort, ya que est\u00e1n fabricados con materiales y tecnolog\u00edas de ultima generaci\u00f3n y a la vez sol ligeros y frescos.<\/p>\n","protected":false},"featured_media":3762,"template":"","meta":[],"pwb-brand":[133],"product_cat":[222],"product_tag":[],"brands":[{"id":133,"name":"COOLCHANGE","slug":"coolchange"}],"_links":{"self":[{"href":"https:\/\/www.topbikes.ca\/nicaragua\/wp-json\/wp\/v2\/product\/3723"}],"collection":[{"href":"https:\/\/www.topbikes.ca\/nicaragua\/wp-json\/wp\/v2\/product"}],"about":[{"href":"https:\/\/www.topbikes.ca\/nicaragua\/wp-json\/wp\/v2\/types\/product"}],"wp:featuredmedia":[{"embeddable":true,"href":"https:\/\/www.topbikes.ca\/nicaragua\/wp-json\/wp\/v2\/media\/3762"}],"wp:attachment":[{"href":"https:\/\/www.topbikes.ca\/nicaragua\/wp-json\/wp\/v2\/media?parent=3723"}],"wp:term":[{"taxonomy":"pwb-brand","embeddable":true,"href":"https:\/\/www.topbikes.ca\/nicaragua\/wp-json\/wp\/v2\/pwb-brand?post=3723"},{"taxonomy":"product_cat","embeddable":true,"href":"https:\/\/www.topbikes.ca\/nicaragua\/wp-json\/wp\/v2\/product_cat?post=3723"},{"taxonomy":"product_tag","embeddable":true,"href":"https:\/\/www.topbikes.ca\/nicaragua\/wp-json\/wp\/v2\/product_tag?post=3723"}],"curies":[{"name":"wp","href":"https:\/\/api.w.org\/{rel}","templated":true}]}}