{"id":4070,"date":"2023-11-16T14:36:49","date_gmt":"2023-11-16T20:36:49","guid":{"rendered":"https:\/\/www.topbikes.ca\/nicaragua\/?post_type=product&#038;p=4070"},"modified":"2023-11-16T14:37:45","modified_gmt":"2023-11-16T20:37:45","slug":"optimus-tucana-12vel-27-5-29","status":"publish","type":"product","link":"https:\/\/www.topbikes.ca\/nicaragua\/producto\/optimus-tucana-12vel-27-5-29\/","title":{"rendered":"OPTIMUS TUCANA 12VEL 27.5&#8243;-29&#8243;"},"content":{"rendered":"<p>La bicicleta de monta\u00f1a Tucana es una bicicleta que ofrece un rendimiento excelente para pistas ligeras de monta\u00f1a y para cualquier tipo de zonas. Esta es una opci\u00f3n perfecta si quieres entrar al mundo del MTB o si quieres aumentar el nivel de tus retos.<\/p>\n<p>La calidad de transmisi\u00f3n que tiene la Tucana le permite al usuario ascender colinas dif\u00edciles o andar por senderos planos con gran comodidad. En este modelo de 12 velocidades var\u00eda en el n\u00famero de opciones de velocidad que puedes alcanzar gracias a su monoplato Optimus.<\/p>\n<p>Su horquilla delantera es referencia Suntour XCM. Esta suspensi\u00f3n tiene un resorte interno en la barra izquierda y una perilla para bloqueo hidr\u00e1ulico en la barra derecha para regular la velocidad de compresi\u00f3n de la horquilla cuando transitas por terrenos escabrosos o escarpados. El mecanismo Sountour ofrece comodidad y confort en tus viajes y lo mejor de todo: puede evitar lesiones graves en terrenos dif\u00edciles.<br \/>\nSi eres una persona decidida y valiente que le encanta lanzarse a la aventura en compa\u00f1\u00eda de tus amigos, la Optimus Tucana es la mejor bicicleta que puedes elegir.<\/p>\n<p>&nbsp;<\/p>\n","protected":false},"excerpt":{"rendered":"<p>La bicicleta de monta\u00f1a Tucana es una bicicleta que ofrece un rendimiento excelente para pistas ligeras de monta\u00f1a y para cualquier tipo de zonas. Esta es una opci\u00f3n perfecta si quieres entrar al mundo del MTB o si quieres aumentar el nivel de tus retos. La calidad de transmisi\u00f3n que tiene la Tucana le permite [&hellip;]<\/p>\n","protected":false},"featured_media":4117,"template":"","meta":[],"pwb-brand":[73,187],"product_cat":[34,218,39],"product_tag":[],"brands":[{"id":73,"name":"Bicicletas","slug":"bicicletas"},{"id":187,"name":"OPTIMUS","slug":"optimus"}],"_links":{"self":[{"href":"https:\/\/www.topbikes.ca\/nicaragua\/wp-json\/wp\/v2\/product\/4070"}],"collection":[{"href":"https:\/\/www.topbikes.ca\/nicaragua\/wp-json\/wp\/v2\/product"}],"about":[{"href":"https:\/\/www.topbikes.ca\/nicaragua\/wp-json\/wp\/v2\/types\/product"}],"wp:featuredmedia":[{"embeddable":true,"href":"https:\/\/www.topbikes.ca\/nicaragua\/wp-json\/wp\/v2\/media\/4117"}],"wp:attachment":[{"href":"https:\/\/www.topbikes.ca\/nicaragua\/wp-json\/wp\/v2\/media?parent=4070"}],"wp:term":[{"taxonomy":"pwb-brand","embeddable":true,"href":"https:\/\/www.topbikes.ca\/nicaragua\/wp-json\/wp\/v2\/pwb-brand?post=4070"},{"taxonomy":"product_cat","embeddable":true,"href":"https:\/\/www.topbikes.ca\/nicaragua\/wp-json\/wp\/v2\/product_cat?post=4070"},{"taxonomy":"product_tag","embeddable":true,"href":"https:\/\/www.topbikes.ca\/nicaragua\/wp-json\/wp\/v2\/product_tag?post=4070"}],"curies":[{"name":"wp","href":"https:\/\/api.w.org\/{rel}","templated":true}]}}