{"id":4074,"date":"2023-11-16T14:36:50","date_gmt":"2023-11-16T20:36:50","guid":{"rendered":"https:\/\/www.topbikes.ca\/nicaragua\/?post_type=product&#038;p=4074"},"modified":"2023-11-16T14:41:42","modified_gmt":"2023-11-16T20:41:42","slug":"gt-avalanche-expert-29-talla-m","status":"publish","type":"product","link":"https:\/\/www.topbikes.ca\/nicaragua\/producto\/gt-avalanche-expert-29-talla-m\/","title":{"rendered":"GT AVALANCHE EXPERT 29&#8243;  TALLA \u00abM\u00bb"},"content":{"rendered":"<p>Cambios m\u00e1s suaves, frenos m\u00e1s potentes, mejor rendimiento de la horquilla de suspensi\u00f3n.\u00a0El Avalanche Expert est\u00e1 equipado con los componentes m\u00e1s capaces dentro de la l\u00ednea, brind\u00e1ndole la confianza para progresar en sus habilidades de pista \u00fanica en ascensos, descensos y todas las rectas que pueda manejar.\u00a0El cuadro de aluminio es compatible con tija telesc\u00f3pica y viene con mejoras tecnol\u00f3gicas como llantas tubeless-ready, una transmisi\u00f3n SRAM intuitiva de 12 velocidades y una horquilla RockShox de 120 mm de recorrido con bloqueo remoto que te preparan para una conducci\u00f3n mejor y m\u00e1s eficiente.<\/p>\n<p><strong>ESPECIFICACIONES<\/strong><\/p>\n<p>Cuadro de aluminio GT 6061 T6, tri\u00e1ngulo triple con soportes de asiento flotantes, enrutamiento interno de cables, enrutamiento de tija telesc\u00f3pica, punteras forjadas Boost 141 con soportes de freno de disco, tubo de direcci\u00f3n c\u00f3nico Zero Stack de 1 1\/8&#8243;- 1.5&#8243;, 27.5\/ Ruedas de 29&#8243;<\/p>\n<p>TENEDORRockShox Recon Silver RL, 120 mm, 15&#215;100, bloqueo remoto, Maxle Lite, compensaci\u00f3n de 42 mm<\/p>\n<p>CADENASRAM SX Eagle, 12 velocidades<\/p>\n<p>MANIVELASRAM SX Eagle Power Spline, 32T<\/p>\n<p>PEDALIERSpline de potencia Truvativ<\/p>\n<p>PEDALESPedal plano de l\u00ednea delgada GT<\/p>\n<p>CAMBIO TRASERO\u00c1guila SRAM SXCAMBIADORESSRAM SX Eagle, 12 velocidades<\/p>\n<p>CONJUNTO DE DIENTESSRAM Eagle 11-50, 12 velocidades<\/p>\n<p>LLANTASWTB ST i25 TCS 2.0, 32h, Tubeless Ready<\/p>\n<p>NEUM\u00c1TICOSVittoria Barzo, 27,5\/29 x 2,25&#8243;, perla de alambre<\/p>\n<p>BUJE DELANTEROShimano MT400, 15&#215;100<\/p>\n<p>BUJE TRASEROShimano MT200, QRx141RADIOSAcero inoxidable, 14 g<\/p>\n<p>FRENOSTektro HD-M520<\/p>\n<p>FRENO FRONTALTektro HD-M520<\/p>\n<p>FRENO TRASEROTektro HD-M520<\/p>\n<p>MANILLAR Torretas de aleaci\u00f3n GT All Terra, doble conificado, elevaci\u00f3n de 15 mm, barrido de 9\u00b0, elevaci\u00f3n de 5\u00b0, ancho de 740 mm<\/p>\n<p>STEM Aleaci\u00f3n forjada GT All Terra 3D, 31.8, 7\u00b0, 80 mm<\/p>\n<p>PU\u00d1OSDeclaraci\u00f3n GT<\/p>\n<p>COPAS DE DIRECCI\u00d3N Semi-integrado, Cartucho Sellado, C\u00f3nico<\/p>\n<p>SILL\u00cdNDeporte WTB Silverado<\/p>\n<p>TIJA DE SILL\u00cdN Tija de sill\u00edn de aleaci\u00f3n con microajuste GT All-Terra, 30,9 mm<\/p>\n","protected":false},"excerpt":{"rendered":"<p>Cambios m\u00e1s suaves, frenos m\u00e1s potentes, mejor rendimiento de la horquilla de suspensi\u00f3n.\u00a0El Avalanche Expert est\u00e1 equipado con los componentes m\u00e1s capaces dentro de la l\u00ednea, brind\u00e1ndole la confianza para progresar en sus habilidades de pista \u00fanica en ascensos, descensos y todas las rectas que pueda manejar.\u00a0El cuadro de aluminio es compatible con tija telesc\u00f3pica [&hellip;]<\/p>\n","protected":false},"featured_media":4122,"template":"","meta":[],"pwb-brand":[73,60],"product_cat":[34,218],"product_tag":[],"brands":[{"id":73,"name":"Bicicletas","slug":"bicicletas"},{"id":60,"name":"GT","slug":"gt"}],"_links":{"self":[{"href":"https:\/\/www.topbikes.ca\/nicaragua\/wp-json\/wp\/v2\/product\/4074"}],"collection":[{"href":"https:\/\/www.topbikes.ca\/nicaragua\/wp-json\/wp\/v2\/product"}],"about":[{"href":"https:\/\/www.topbikes.ca\/nicaragua\/wp-json\/wp\/v2\/types\/product"}],"wp:featuredmedia":[{"embeddable":true,"href":"https:\/\/www.topbikes.ca\/nicaragua\/wp-json\/wp\/v2\/media\/4122"}],"wp:attachment":[{"href":"https:\/\/www.topbikes.ca\/nicaragua\/wp-json\/wp\/v2\/media?parent=4074"}],"wp:term":[{"taxonomy":"pwb-brand","embeddable":true,"href":"https:\/\/www.topbikes.ca\/nicaragua\/wp-json\/wp\/v2\/pwb-brand?post=4074"},{"taxonomy":"product_cat","embeddable":true,"href":"https:\/\/www.topbikes.ca\/nicaragua\/wp-json\/wp\/v2\/product_cat?post=4074"},{"taxonomy":"product_tag","embeddable":true,"href":"https:\/\/www.topbikes.ca\/nicaragua\/wp-json\/wp\/v2\/product_tag?post=4074"}],"curies":[{"name":"wp","href":"https:\/\/api.w.org\/{rel}","templated":true}]}}