{"id":4111,"date":"2023-11-16T14:37:38","date_gmt":"2023-11-16T20:37:38","guid":{"rendered":"https:\/\/www.topbikes.ca\/nicaragua\/?post_type=product&#038;p=4111"},"modified":"2023-11-16T14:39:17","modified_gmt":"2023-11-16T20:39:17","slug":"bh-expert-4-0-a4092","status":"publish","type":"product","link":"https:\/\/www.topbikes.ca\/nicaragua\/producto\/bh-expert-4-0-a4092\/","title":{"rendered":"BH EXPERT 4.0  A4092"},"content":{"rendered":"<section id=\"bike-technology\" class=\"c-bike-technology c-ficha-section js-open-mobile\">\n<div class=\"vsf-row\">\n<div class=\"vsf-col-lg-9 c-ficha-bike-dropdown-mobile\" aria-hidden=\"true\">\n<div class=\"c-bike-technology__right\">\n<div class=\"vsf-container-fluid\">\n<div class=\"vsf-row\">\n<div class=\"vsf-col-lg-4\">\n<article class=\"c-bike-technology__right-item\">\n<h2 class=\"o-ficha-block-subtitle\">Es tu bici si<\/h2>\n<p class=\"o-ficha-block-text\">Buscas una bicicleta de MTB XC t\u00e9cnica en las bajadas y r\u00e1pida y eficaz en el pedaleo.<\/p>\n<\/article>\n<\/div>\n<div class=\"vsf-col-lg-4\">\n<article class=\"c-bike-technology__right-item\">\n<h2 class=\"o-ficha-block-subtitle\">Tecnolog\u00eda \u00fanica en<\/h2>\n<p class=\"o-ficha-block-text\">\u00c1ngulo de direcci\u00f3n lanzado, vainas cortas y un tubo de superior m\u00e1s largo. Perfectos para una XC t\u00e9cnica en las bajadas y r\u00e1pida y eficaz en el pedaleo. Fabricada en alu 6061 para garantizar rigidez y un peso del cuadro de solo 1.600 gramos.<\/p>\n<\/article>\n<\/div>\n<div class=\"vsf-col-lg-4\">\n<article class=\"c-bike-technology__right-item\">\n<h2 class=\"o-ficha-block-subtitle\">Es diferente por<\/h2>\n<p class=\"o-ficha-block-text\">La tecnologia hiydroforming permite dise\u00f1ar cuadros atractivos y con altos coeficientes de ligereza y resistencia en Alu 6061. Los cuadros Expert combinan extra de rigidez en su zona inferior y alto nivel de confort y flexibilidad en los tubos superiores.<\/p>\n<\/article>\n<\/div>\n<\/div>\n<\/div>\n<\/div>\n<\/div>\n<\/div>\n<\/section>\n<section id=\"bike-technology-points\" class=\"c-bike-technology-points c-ficha-section js-open-mobile\">\n<div class=\"vsf-row c-ficha-bike-dropdown-mobile-tech\" aria-hidden=\"true\">\n<div class=\"vsf-col-lg-3\">\n<h1 class=\"o-ficha-block-title o-no-mobile\">TECNOLOG\u00cdA<\/h1>\n<ul class=\"c-bike-technology-points-nav\">\n<li class=\"c-bike-technology-points-nav__item nav-active\" data-nav=\"1\">GEOMETR\u00cdA<\/li>\n<li class=\"c-bike-technology-points-nav__item\" data-nav=\"2\">EVO BRAKE MOUNT<\/li>\n<\/ul>\n<\/div>\n<div class=\"vsf-col-lg-9\">\n<article class=\"c-bike-technology-points-info\" data-nav=\"1\">\n<div class=\"vsf-container-fluid\">\n<div class=\"vsf-row\">\n<div class=\"vsf-col-lg-4\">\n<div class=\"c-bike-technology-points-info__text js-scroll-text\">\n<p class=\"o-ficha-block-subtitle c-bike-technology-points-info-title \">GEOMETR\u00cdA<\/p>\n<p class=\"o-ficha-block-text c-bike-technology-points-info-text\">La nueva Expert comparte dise\u00f1o y l\u00edneas con la Ultimate y la Ultimate RC. \u00c1ngulo de direcci\u00f3n lanzado, vainas cortas y un tubo de superior m\u00e1s largo. Perfectos para una XC t\u00e9cnica en las bajadas y r\u00e1pida y eficaz en el pedaleo.<\/p>\n<\/div>\n<\/div>\n<div class=\"vsf-col-lg-8\">\n<div class=\"c-bike-technology-points-info__media\"><\/div>\n<\/div>\n<\/div>\n<\/div>\n<\/article>\n<\/div>\n<\/div>\n<\/section>\n","protected":false},"excerpt":{"rendered":"<p>Es tu bici si Buscas una bicicleta de MTB XC t\u00e9cnica en las bajadas y r\u00e1pida y eficaz en el pedaleo. Tecnolog\u00eda \u00fanica en \u00c1ngulo de direcci\u00f3n lanzado, vainas cortas y un tubo de superior m\u00e1s largo. Perfectos para una XC t\u00e9cnica en las bajadas y r\u00e1pida y eficaz en el pedaleo. Fabricada en alu [&hellip;]<\/p>\n","protected":false},"featured_media":4157,"template":"","meta":[],"pwb-brand":[42,73],"product_cat":[34,218],"product_tag":[],"brands":[{"id":42,"name":"BH","slug":"bh"},{"id":73,"name":"Bicicletas","slug":"bicicletas"}],"_links":{"self":[{"href":"https:\/\/www.topbikes.ca\/nicaragua\/wp-json\/wp\/v2\/product\/4111"}],"collection":[{"href":"https:\/\/www.topbikes.ca\/nicaragua\/wp-json\/wp\/v2\/product"}],"about":[{"href":"https:\/\/www.topbikes.ca\/nicaragua\/wp-json\/wp\/v2\/types\/product"}],"wp:featuredmedia":[{"embeddable":true,"href":"https:\/\/www.topbikes.ca\/nicaragua\/wp-json\/wp\/v2\/media\/4157"}],"wp:attachment":[{"href":"https:\/\/www.topbikes.ca\/nicaragua\/wp-json\/wp\/v2\/media?parent=4111"}],"wp:term":[{"taxonomy":"pwb-brand","embeddable":true,"href":"https:\/\/www.topbikes.ca\/nicaragua\/wp-json\/wp\/v2\/pwb-brand?post=4111"},{"taxonomy":"product_cat","embeddable":true,"href":"https:\/\/www.topbikes.ca\/nicaragua\/wp-json\/wp\/v2\/product_cat?post=4111"},{"taxonomy":"product_tag","embeddable":true,"href":"https:\/\/www.topbikes.ca\/nicaragua\/wp-json\/wp\/v2\/product_tag?post=4111"}],"curies":[{"name":"wp","href":"https:\/\/api.w.org\/{rel}","templated":true}]}}