{"id":4368,"date":"2023-11-16T14:41:10","date_gmt":"2023-11-16T20:41:10","guid":{"rendered":"https:\/\/www.topbikes.ca\/nicaragua\/?post_type=product&#038;p=4368"},"modified":"2023-11-30T00:00:52","modified_gmt":"2023-11-30T06:00:52","slug":"droute-carbon-x","status":"publish","type":"product","link":"https:\/\/www.topbikes.ca\/nicaragua\/producto\/droute-carbon-x\/","title":{"rendered":"D\u00b4ROUTE CARBON X"},"content":{"rendered":"<h5>Prueba nuestra nueva bicicleta de CARBON X que viene con marco de carbon y aros de aluminio y una suspensi\u00f3n delantera\u00a0 de aire con sistema hidr\u00e1ulico de bloqueo y control de robeto perfecto para uso deportivo y uso en monta\u00f1a ya que tambi\u00e9n viene con frenos de disco hidr\u00e1ulicos Shimano y componentes de alta resistencia (cambio trasero y mandos Shimano DEORE), no te puedes quedar sin comprar nuestra bicicleta de transmisi\u00f3n de 1&#215;12<\/h5>\n","protected":false},"excerpt":{"rendered":"<p>Prueba nuestra nueva bicicleta de CARBON X que viene con marco de carbon y aros de aluminio y una suspensi\u00f3n delantera\u00a0 de aire con sistema hidr\u00e1ulico de bloqueo y control de robeto perfecto para uso deportivo y uso en monta\u00f1a ya que tambi\u00e9n viene con frenos de disco hidr\u00e1ulicos Shimano y componentes de alta resistencia [&hellip;]<\/p>\n","protected":false},"featured_media":4389,"template":"","meta":[],"pwb-brand":[124],"product_cat":[218],"product_tag":[],"brands":[{"id":124,"name":"D' ROUTE","slug":"d-route"}],"_links":{"self":[{"href":"https:\/\/www.topbikes.ca\/nicaragua\/wp-json\/wp\/v2\/product\/4368"}],"collection":[{"href":"https:\/\/www.topbikes.ca\/nicaragua\/wp-json\/wp\/v2\/product"}],"about":[{"href":"https:\/\/www.topbikes.ca\/nicaragua\/wp-json\/wp\/v2\/types\/product"}],"wp:featuredmedia":[{"embeddable":true,"href":"https:\/\/www.topbikes.ca\/nicaragua\/wp-json\/wp\/v2\/media\/4389"}],"wp:attachment":[{"href":"https:\/\/www.topbikes.ca\/nicaragua\/wp-json\/wp\/v2\/media?parent=4368"}],"wp:term":[{"taxonomy":"pwb-brand","embeddable":true,"href":"https:\/\/www.topbikes.ca\/nicaragua\/wp-json\/wp\/v2\/pwb-brand?post=4368"},{"taxonomy":"product_cat","embeddable":true,"href":"https:\/\/www.topbikes.ca\/nicaragua\/wp-json\/wp\/v2\/product_cat?post=4368"},{"taxonomy":"product_tag","embeddable":true,"href":"https:\/\/www.topbikes.ca\/nicaragua\/wp-json\/wp\/v2\/product_tag?post=4368"}],"curies":[{"name":"wp","href":"https:\/\/api.w.org\/{rel}","templated":true}]}}